{"id":1149,"date":"2015-07-14T16:36:33","date_gmt":"2015-07-14T14:36:33","guid":{"rendered":"https:\/\/fernand-schwarz.asbl.foodle.co\/itinerario\/"},"modified":"2023-04-07T16:56:56","modified_gmt":"2023-04-07T14:56:56","slug":"itinerario","status":"publish","type":"page","link":"https:\/\/fernand-schwarz.fr\/es\/itinerario\/","title":{"rendered":"Itinerario"},"content":{"rendered":"\n<style type=\"text\/css\" data-created_by=\"avia_inline_auto\" id=\"style-css-av-198am5-5637e8322b29c64167324d9cc2f72b61\">\n.avia-section.av-198am5-5637e8322b29c64167324d9cc2f72b61{\nbackground-repeat:no-repeat;\nbackground-image:url(https:\/\/fernand-schwarz.fr\/wp-content\/uploads\/sites\/15\/2020\/11\/cropped-Fernand-Schwarz-Egypte-Banniere.jpg);\nbackground-position:50% 50%;\nbackground-attachment:scroll;\n}\n<\/style>\n<div id='av_section_1'  class='avia-section av-198am5-5637e8322b29c64167324d9cc2f72b61 main_color avia-section-default avia-no-border-styling  avia-builder-el-0  el_before_av_section  avia-builder-el-first  avia-full-stretch avia-bg-style-scroll av-minimum-height av-minimum-height-custom av-height-custom  container_wrap fullsize'  data-section-bg-repeat='stretch' data-av_minimum_height_px='350'><div class='container av-section-cont-open' style='height:350px'><main  role=\"main\" itemprop=\"mainContentOfPage\"  class='template-page content  av-content-full alpha units'><div class='post-entry post-entry-type-page post-entry-1149'><div class='entry-content-wrapper clearfix'>\n<\/div><\/div><\/main><!-- close content main element --><\/div><\/div><div id='av_section_2'  class='avia-section av-12nv1h-9e9653d252fd39d1d91863fcb5d32495 main_color avia-section-default avia-no-border-styling  avia-builder-el-1  el_after_av_section  avia-builder-el-last  avia-bg-style-scroll container_wrap fullsize'  ><div class='container av-section-cont-open' ><div class='template-page content  av-content-full alpha units'><div class='post-entry post-entry-type-page post-entry-1149'><div class='entry-content-wrapper clearfix'>\n\n<style type=\"text\/css\" data-created_by=\"avia_inline_auto\" id=\"style-css-av-w3met-b8e49cd0839f6b3805af4042dc4ab6d1\">\n#top .flex_column.av-w3met-b8e49cd0839f6b3805af4042dc4ab6d1{\nmargin-top:0px;\nmargin-bottom:0px;\n}\n.flex_column.av-w3met-b8e49cd0839f6b3805af4042dc4ab6d1{\nwidth:100%;\npadding:0 0 0 0;\n}\n.responsive #top #wrap_all .flex_column.av-w3met-b8e49cd0839f6b3805af4042dc4ab6d1{\nmargin-top:0px;\nmargin-bottom:0px;\n}\n<\/style>\n<div  class='flex_column av-w3met-b8e49cd0839f6b3805af4042dc4ab6d1 av_one_full  avia-builder-el-2  el_before_av_one_fourth  avia-builder-el-first  first flex_column_div av-zero-column-padding  '     ><style type=\"text\/css\" data-created_by=\"avia_inline_auto\" id=\"style-css-av-lg58k2eo-b39516e26010a0ba30521e2161714489\">\n#top .av-special-heading.av-lg58k2eo-b39516e26010a0ba30521e2161714489{\npadding-bottom:10px;\n}\nbody .av-special-heading.av-lg58k2eo-b39516e26010a0ba30521e2161714489 .av-special-heading-tag .heading-char{\nfont-size:25px;\n}\n.av-special-heading.av-lg58k2eo-b39516e26010a0ba30521e2161714489 .av-subheading{\nfont-size:15px;\n}\n<\/style>\n<div  class='av-special-heading av-lg58k2eo-b39516e26010a0ba30521e2161714489 av-special-heading-h1 blockquote modern-quote  avia-builder-el-3  avia-builder-el-no-sibling '><h1 class='av-special-heading-tag '  itemprop=\"headline\"  >Itinerario<\/h1><div class=\"special-heading-border\"><div class=\"special-heading-inner-border\"><\/div><\/div><\/div><\/div><div class='flex_column_table av-sg1j1-8d5ae92fdc6457306532817a8c247533 sc-av_one_fourth av-equal-height-column-flextable'><div  class='flex_column av-sg1j1-8d5ae92fdc6457306532817a8c247533 av_one_fourth  avia-builder-el-4  el_after_av_one_full  el_before_av_three_fourth  first flex_column_table_cell av-equal-height-column av-align-middle  column-top-margin'     ><style type=\"text\/css\" data-created_by=\"avia_inline_auto\" id=\"style-css-av-lg58l3va-4c24b0b86256210a9662ef1d4fb5632a\">\n.avia-image-container.av-lg58l3va-4c24b0b86256210a9662ef1d4fb5632a img.avia_image{\nbox-shadow:none;\n}\n.avia-image-container.av-lg58l3va-4c24b0b86256210a9662ef1d4fb5632a .av-image-caption-overlay-center{\ncolor:#ffffff;\n}\n<\/style>\n<div  class='avia-image-container av-lg58l3va-4c24b0b86256210a9662ef1d4fb5632a av-styling- av-img-linked avia-align-center  avia-builder-el-5  avia-builder-el-no-sibling '   itemprop=\"image\" itemscope=\"itemscope\" itemtype=\"https:\/\/schema.org\/ImageObject\" ><div class=\"avia-image-container-inner\"><div class=\"avia-image-overlay-wrap\"><a href=\"https:\/\/fernand-schwarz.fr\/wp-content\/uploads\/sites\/15\/2015\/07\/fs.jpg\" class='avia_image '  aria-label='Fernand Schwarz'><img decoding=\"async\" fetchpriority=\"high\" class='wp-image-929 avia-img-lazy-loading-not-929 avia_image ' src=\"https:\/\/fernand-schwarz.fr\/wp-content\/uploads\/sites\/15\/2015\/07\/fs.jpg\" alt='' title='Fernand Schwarz'  height=\"300\" width=\"225\"  itemprop=\"thumbnailUrl\"  \/><\/a><\/div><\/div><\/div><\/div><div class='av-flex-placeholder'><\/div><div  class='flex_column av-n7g6d-e8ff01ee134e96e287b1ea0a18aab11d av_three_fourth  avia-builder-el-6  el_after_av_one_fourth  el_before_av_one_full  flex_column_table_cell av-equal-height-column av-align-middle  column-top-margin'     ><section  class='av_textblock_section av-lg58lop7-23399823d76d32f390745f6c78becca9 '   itemscope=\"itemscope\" itemtype=\"https:\/\/schema.org\/CreativeWork\" ><div class='avia_textblock'  itemprop=\"text\" ><p>El Dr. Fernando Schwarz , ha dedicado los \u00faltimos treinta a\u00f1os a investigar las estructuras m\u00edticas y simb\u00f3licas tanto de las sociedades antiguas tradicionales como de las modernas.<\/p>\n<p>El fruto de sus estudios ha sido publicado en varias obras literarias y ha colaborado con la Televisi\u00f3n francesa como coautor de una serie de documentales internacionales difundidos en mas de veinte pa\u00edses.<\/p>\n<p><span id=\"more-2\"><\/span>Colaborador activo de Museos, Academias y Universidades de varios pa\u00edses de Europa y de Am\u00e9rica Latina, organiza coloquios y c\u00edrculos de reflexi\u00f3n, imparte cursos y dicta conferencias sobre temas de Antropolog\u00eda, Filosof\u00eda, Historia de las Religiones y Civilizaciones tradicionales y modernas.<\/p>\n<p>Por otro lado, ha venido asesorando a numerosas empresas en varios pa\u00edses del mundo sobre la incidencia de la cultura en el comportamiento de los individuos dentro de una colectividad. Sus investigaciones y experiencias en ciencias sociales y empresariales, a trav\u00e9s del enfoque de la antropolog\u00eda bio-cultural de la empresa, permiten un enfoque \u00e9tico y humanista de la sociedad empresarial.<\/p>\n<\/div><\/section><\/div><\/div><!--close column table wrapper. Autoclose: 1 --><div  class='flex_column av-eufr9-24257e9b50367aaae3bd631211872184 av_one_full  avia-builder-el-8  el_after_av_three_fourth  avia-builder-el-last  first flex_column_div  column-top-margin'     ><div  class='av-buildercomment av-a4wd1-1aba78878e3aa1fdd33c6b6743ea4137  av-blog-meta-author-disabled av-blog-meta-comments-disabled av-blog-meta-category-disabled av-blog-meta-date-disabled av-blog-meta-html-info-disabled av-blog-meta-tag-disabled'><\/div><\/div>\n","protected":false},"excerpt":{"rendered":"","protected":false},"author":134,"featured_media":0,"parent":0,"menu_order":0,"comment_status":"open","ping_status":"closed","template":"","meta":{"footnotes":""},"class_list":["post-1149","page","type-page","status-publish","hentry"],"_links":{"self":[{"href":"https:\/\/fernand-schwarz.fr\/es\/wp-json\/wp\/v2\/pages\/1149","targetHints":{"allow":["GET"]}}],"collection":[{"href":"https:\/\/fernand-schwarz.fr\/es\/wp-json\/wp\/v2\/pages"}],"about":[{"href":"https:\/\/fernand-schwarz.fr\/es\/wp-json\/wp\/v2\/types\/page"}],"author":[{"embeddable":true,"href":"https:\/\/fernand-schwarz.fr\/es\/wp-json\/wp\/v2\/users\/134"}],"replies":[{"embeddable":true,"href":"https:\/\/fernand-schwarz.fr\/es\/wp-json\/wp\/v2\/comments?post=1149"}],"version-history":[{"count":1,"href":"https:\/\/fernand-schwarz.fr\/es\/wp-json\/wp\/v2\/pages\/1149\/revisions"}],"predecessor-version":[{"id":1150,"href":"https:\/\/fernand-schwarz.fr\/es\/wp-json\/wp\/v2\/pages\/1149\/revisions\/1150"}],"wp:attachment":[{"href":"https:\/\/fernand-schwarz.fr\/es\/wp-json\/wp\/v2\/media?parent=1149"}],"curies":[{"name":"wp","href":"https:\/\/api.w.org\/{rel}","templated":true}]}}

<style type="text/css" data-created_by="avia_inline_auto" id="style-css-av-198am5-5637e8322b29c64167324d9cc2f72b61">
.avia-section.av-198am5-5637e8322b29c64167324d9cc2f72b61{
background-repeat:no-repeat;
background-image:url(https://fernand-schwarz.fr/wp-content/uploads/sites/15/2020/11/cropped-Fernand-Schwarz-Egypte-Banniere.jpg);
background-position:50% 50%;
background-attachment:scroll;
}
</style>
<div id='av_section_1'  class='avia-section av-198am5-5637e8322b29c64167324d9cc2f72b61 main_color avia-section-default avia-no-border-styling  avia-builder-el-0  el_before_av_section  avia-builder-el-first  avia-full-stretch avia-bg-style-scroll av-minimum-height av-minimum-height-custom av-height-custom  container_wrap fullsize'  data-section-bg-repeat='stretch' data-av_minimum_height_px='350'><div class='container av-section-cont-open' style='height:350px'><main  role="main" itemprop="mainContentOfPage"  class='template-page content  av-content-full alpha units'><div class='post-entry post-entry-type-page post-entry-1149'><div class='entry-content-wrapper clearfix'>
</div></div></main><!-- close content main element --></div></div><div id='av_section_2'  class='avia-section av-12nv1h-9e9653d252fd39d1d91863fcb5d32495 main_color avia-section-default avia-no-border-styling  avia-builder-el-1  el_after_av_section  avia-builder-el-last  avia-bg-style-scroll container_wrap fullsize'  ><div class='container av-section-cont-open' ><div class='template-page content  av-content-full alpha units'><div class='post-entry post-entry-type-page post-entry-1149'><div class='entry-content-wrapper clearfix'>

<style type="text/css" data-created_by="avia_inline_auto" id="style-css-av-w3met-b8e49cd0839f6b3805af4042dc4ab6d1">
#top .flex_column.av-w3met-b8e49cd0839f6b3805af4042dc4ab6d1{
margin-top:0px;
margin-bottom:0px;
}
.flex_column.av-w3met-b8e49cd0839f6b3805af4042dc4ab6d1{
width:100%;
padding:0 0 0 0;
}
.responsive #top #wrap_all .flex_column.av-w3met-b8e49cd0839f6b3805af4042dc4ab6d1{
margin-top:0px;
margin-bottom:0px;
}
</style>
<div  class='flex_column av-w3met-b8e49cd0839f6b3805af4042dc4ab6d1 av_one_full  avia-builder-el-2  el_before_av_one_fourth  avia-builder-el-first  first flex_column_div av-zero-column-padding  '     ><style type="text/css" data-created_by="avia_inline_auto" id="style-css-av-lg58k2eo-b39516e26010a0ba30521e2161714489">
#top .av-special-heading.av-lg58k2eo-b39516e26010a0ba30521e2161714489{
padding-bottom:10px;
}
body .av-special-heading.av-lg58k2eo-b39516e26010a0ba30521e2161714489 .av-special-heading-tag .heading-char{
font-size:25px;
}
.av-special-heading.av-lg58k2eo-b39516e26010a0ba30521e2161714489 .av-subheading{
font-size:15px;
}
</style>
<div  class='av-special-heading av-lg58k2eo-b39516e26010a0ba30521e2161714489 av-special-heading-h1 blockquote modern-quote  avia-builder-el-3  avia-builder-el-no-sibling '><h1 class='av-special-heading-tag '  itemprop="headline"  >Itinerario</h1><div class="special-heading-border"><div class="special-heading-inner-border"></div></div></div></div><div class='flex_column_table av-sg1j1-8d5ae92fdc6457306532817a8c247533 sc-av_one_fourth av-equal-height-column-flextable'><div  class='flex_column av-sg1j1-8d5ae92fdc6457306532817a8c247533 av_one_fourth  avia-builder-el-4  el_after_av_one_full  el_before_av_three_fourth  first flex_column_table_cell av-equal-height-column av-align-middle  column-top-margin'     ><style type="text/css" data-created_by="avia_inline_auto" id="style-css-av-lg58l3va-4c24b0b86256210a9662ef1d4fb5632a">
.avia-image-container.av-lg58l3va-4c24b0b86256210a9662ef1d4fb5632a img.avia_image{
box-shadow:none;
}
.avia-image-container.av-lg58l3va-4c24b0b86256210a9662ef1d4fb5632a .av-image-caption-overlay-center{
color:#ffffff;
}
</style>
<div  class='avia-image-container av-lg58l3va-4c24b0b86256210a9662ef1d4fb5632a av-styling- av-img-linked avia-align-center  avia-builder-el-5  avia-builder-el-no-sibling '   itemprop="image" itemscope="itemscope" itemtype="https://schema.org/ImageObject" ><div class="avia-image-container-inner"><div class="avia-image-overlay-wrap"><a href="https://fernand-schwarz.fr/wp-content/uploads/sites/15/2015/07/fs.jpg" class='avia_image '  aria-label='Fernand Schwarz'><img decoding="async" fetchpriority="high" class='wp-image-929 avia-img-lazy-loading-not-929 avia_image ' src="https://fernand-schwarz.fr/wp-content/uploads/sites/15/2015/07/fs.jpg" alt='' title='Fernand Schwarz'  height="300" width="225"  itemprop="thumbnailUrl"  /></a></div></div></div></div><div class='av-flex-placeholder'></div><div  class='flex_column av-n7g6d-e8ff01ee134e96e287b1ea0a18aab11d av_three_fourth  avia-builder-el-6  el_after_av_one_fourth  el_before_av_one_full  flex_column_table_cell av-equal-height-column av-align-middle  column-top-margin'     ><section  class='av_textblock_section av-lg58lop7-23399823d76d32f390745f6c78becca9 '   itemscope="itemscope" itemtype="https://schema.org/CreativeWork" ><div class='avia_textblock'  itemprop="text" ><p>El Dr. Fernando Schwarz , ha dedicado los últimos treinta años a investigar las estructuras míticas y simbólicas tanto de las sociedades antiguas tradicionales como de las modernas.</p>
<p>El fruto de sus estudios ha sido publicado en varias obras literarias y ha colaborado con la Televisión francesa como coautor de una serie de documentales internacionales difundidos en mas de veinte países.</p>
<p><span id="more-2"></span>Colaborador activo de Museos, Academias y Universidades de varios países de Europa y de América Latina, organiza coloquios y círculos de reflexión, imparte cursos y dicta conferencias sobre temas de Antropología, Filosofía, Historia de las Religiones y Civilizaciones tradicionales y modernas.</p>
<p>Por otro lado, ha venido asesorando a numerosas empresas en varios países del mundo sobre la incidencia de la cultura en el comportamiento de los individuos dentro de una colectividad. Sus investigaciones y experiencias en ciencias sociales y empresariales, a través del enfoque de la antropología bio-cultural de la empresa, permiten un enfoque ético y humanista de la sociedad empresarial.</p>
</div></section></div></div><!--close column table wrapper. Autoclose: 1 --><div  class='flex_column av-eufr9-24257e9b50367aaae3bd631211872184 av_one_full  avia-builder-el-8  el_after_av_three_fourth  avia-builder-el-last  first flex_column_div  column-top-margin'     ><div  class='av-buildercomment av-a4wd1-1aba78878e3aa1fdd33c6b6743ea4137  av-blog-meta-author-disabled av-blog-meta-comments-disabled av-blog-meta-category-disabled av-blog-meta-date-disabled av-blog-meta-html-info-disabled av-blog-meta-tag-disabled'></div></div>
