{"id":1151,"date":"2015-07-20T15:17:51","date_gmt":"2015-07-20T13:17:51","guid":{"rendered":"https:\/\/fernand-schwarz.asbl.foodle.co\/pathway\/curriculum-vitae\/"},"modified":"2023-04-07T17:31:07","modified_gmt":"2023-04-07T15:31:07","slug":"curriculum-vitae","status":"publish","type":"page","link":"https:\/\/fernand-schwarz.fr\/en\/pathway\/curriculum-vitae\/","title":{"rendered":"Curriculum Vitae"},"content":{"rendered":"\n<style type=\"text\/css\" data-created_by=\"avia_inline_auto\" id=\"style-css-av-x5glg-76a2b793295b5ef94b0bffbafa864732\">\n.avia-section.av-x5glg-76a2b793295b5ef94b0bffbafa864732{\nbackground-repeat:no-repeat;\nbackground-image:url(https:\/\/fernand-schwarz.fr\/wp-content\/uploads\/sites\/15\/2020\/11\/cropped-Fernand-Schwarz-Egypte-Banniere.jpg);\nbackground-position:50% 50%;\nbackground-attachment:scroll;\n}\n<\/style>\n<div id='av_section_1'  class='avia-section av-x5glg-76a2b793295b5ef94b0bffbafa864732 main_color avia-section-default avia-no-border-styling  avia-builder-el-0  el_before_av_section  avia-builder-el-first  avia-full-stretch avia-bg-style-scroll av-minimum-height av-minimum-height-custom av-height-custom  container_wrap fullsize'  data-section-bg-repeat='stretch' data-av_minimum_height_px='350'><div class='container av-section-cont-open' style='height:350px'><main  role=\"main\" itemprop=\"mainContentOfPage\"  class='template-page content  av-content-full alpha units'><div class='post-entry post-entry-type-page post-entry-1151'><div class='entry-content-wrapper clearfix'>\n<\/div><\/div><\/main><!-- close content main element --><\/div><\/div><div id='av_section_2'  class='avia-section av-r3m04-1d6663f30ac3cbe32ce4553113721fe2 main_color avia-section-default avia-no-border-styling  avia-builder-el-1  el_after_av_section  avia-builder-el-last  avia-bg-style-scroll container_wrap fullsize'  ><div class='container av-section-cont-open' ><div class='template-page content  av-content-full alpha units'><div class='post-entry post-entry-type-page post-entry-1151'><div class='entry-content-wrapper clearfix'>\n\n<style type=\"text\/css\" data-created_by=\"avia_inline_auto\" id=\"style-css-av-88dw-84c433b3dfb2b2148b7880a843b52331\">\n#top .flex_column.av-88dw-84c433b3dfb2b2148b7880a843b52331{\nmargin-top:0px;\nmargin-bottom:0px;\n}\n.flex_column.av-88dw-84c433b3dfb2b2148b7880a843b52331{\nwidth:100%;\npadding:0 0 0 0;\n}\n.responsive #top #wrap_all .flex_column.av-88dw-84c433b3dfb2b2148b7880a843b52331{\nmargin-top:0px;\nmargin-bottom:0px;\n}\n<\/style>\n<div  class='flex_column av-88dw-84c433b3dfb2b2148b7880a843b52331 av_one_full  avia-builder-el-2  el_before_av_two_third  avia-builder-el-first  first flex_column_div av-zero-column-padding  '     ><style type=\"text\/css\" data-created_by=\"avia_inline_auto\" id=\"style-css-av-lg59wle2-b8e1d63692067c2641b962c43934fa0a\">\n#top .av-special-heading.av-lg59wle2-b8e1d63692067c2641b962c43934fa0a{\npadding-bottom:10px;\n}\nbody .av-special-heading.av-lg59wle2-b8e1d63692067c2641b962c43934fa0a .av-special-heading-tag .heading-char{\nfont-size:25px;\n}\n.av-special-heading.av-lg59wle2-b8e1d63692067c2641b962c43934fa0a .av-subheading{\nfont-size:15px;\n}\n<\/style>\n<div  class='av-special-heading av-lg59wle2-b8e1d63692067c2641b962c43934fa0a av-special-heading-h1 blockquote modern-quote  avia-builder-el-3  avia-builder-el-no-sibling '><h1 class='av-special-heading-tag '  itemprop=\"headline\"  >Curriculum Vitae<\/h1><div class=\"special-heading-border\"><div class=\"special-heading-inner-border\"><\/div><\/div><\/div><\/div><div  class='flex_column av-fciis-07846f51962f9e53eabc00ae26dd7697 av_two_third  avia-builder-el-4  el_after_av_one_full  el_before_av_one_third  first flex_column_div  column-top-margin'     ><section  class='av_textblock_section av-lg59wzag-c8a1675994fb059cc417c5d1902ef134 '   itemscope=\"itemscope\" itemtype=\"https:\/\/schema.org\/CreativeWork\" ><div class='avia_textblock'  itemprop=\"text\" ><p>N\u00e9 le 4 juin 1951 \u00e0 Buenos Aires \u2013 Argentine<\/p>\n<p>Nationalit\u00e9 Suisse<\/p>\n<p>R\u00e9side \u00e0 Paris, en France, depuis de nombreuses ann\u00e9es<\/p>\n<h3>Pathway<\/h3>\n<p>Fernand Schwarz dedicated the last thirty years to study the mythical and symbolic structures of traditionals and moderns societies.<\/p>\n<p>These studies gave birth to numerous works and to a collaboration with the French television as author of an international documentary series broadcasted in more than twenty countries.<\/p>\n<p>Active collaborator of Museums, Academies, Universities of various countries of Europe and Latin America, he organized colloquiums and circles of reflection, gave courses and conferences onto the themes of the anthropology, the philosophy, the history of religions and traditional and modern civilizations.<\/p>\n<p>Besides, he advised numerous companies in several countries of the world on the incidence of the culture on the behavior of the individuals inside a community. Its researches and his experience in social sciences and for company, through the prism of the bio-cultural anthropology of the company, allow an ethical and humanist approach of the company.<\/p>\n<h3>Studies, Diplomas and Degrees<\/h3>\n<ul>\n<li>Licenci\u00e9 en Philosophie (UBA)<\/li>\n<li>Licenci\u00e9 en Histoire de l\u2019Art (UBA)<\/li>\n<li>Dipl\u00f4m\u00e9 d\u2019anthropologie (Ecole d\u2019Anthropologie de Paris)<\/li>\n<li>Croix d\u2019argent des Arts, Sciences et Lettres de Paris<\/li>\n<li>Pr\u00e9sident Honoraire de l\u2019Institut de Sciences Interdisciplinaires d\u2019Anthropologie (Universit\u00e9 de San Jos\u00e9 \u2013 Br\u00e9sil)<\/li>\n<\/ul>\n<h3>Divers :<\/h3>\n<ul>\n<li>Mus\u00e9ologie : \u201drestauration et conservation\u201d, par le Professeur Ferreiros D\u00edaz \u2013 Espagne<\/li>\n<li>Egyptologie par le Professeur Barguet, Universit\u00e9 de Lyon III \u2013 France<\/li>\n<li>Ma\u00eetre de Conf\u00e9rences \u00e0 l\u2019Universit\u00e9 de Lyon III \u2013 France<\/li>\n<\/ul>\n<\/div><\/section><\/div><div  class='flex_column av-bqevo-81d0e7a9ebb03ee84745f8e5d64fb6ac av_one_third  avia-builder-el-6  el_after_av_two_third  avia-builder-el-last  flex_column_div  column-top-margin'     ><style type=\"text\/css\" data-created_by=\"avia_inline_auto\" id=\"style-css-av-lg59x4ki-18adfe95b75454889924325f0e944ebe\">\n.avia-image-container.av-lg59x4ki-18adfe95b75454889924325f0e944ebe img.avia_image{\nbox-shadow:none;\n}\n.avia-image-container.av-lg59x4ki-18adfe95b75454889924325f0e944ebe .av-image-caption-overlay-center{\ncolor:#ffffff;\n}\n<\/style>\n<div  class='avia-image-container av-lg59x4ki-18adfe95b75454889924325f0e944ebe av-styling- av-img-linked avia-align-center  avia-builder-el-7  avia-builder-el-no-sibling '   itemprop=\"image\" itemscope=\"itemscope\" itemtype=\"https:\/\/schema.org\/ImageObject\" ><div class=\"avia-image-container-inner\"><div class=\"avia-image-overlay-wrap\"><a href=\"https:\/\/fernand-schwarz.fr\/wp-content\/uploads\/sites\/15\/2015\/07\/conferenciante.jpg\" data-srcset=\"https:\/\/fernand-schwarz.fr\/wp-content\/uploads\/sites\/15\/2015\/07\/conferenciante.jpg 359w, https:\/\/fernand-schwarz.fr\/wp-content\/uploads\/sites\/15\/2015\/07\/conferenciante-300x222.jpg 300w\" data-sizes=\"(max-width: 359px) 100vw, 359px\" class='avia_image '  aria-label='Fernando Schwarz'><img decoding=\"async\" fetchpriority=\"high\" class='wp-image-950 avia-img-lazy-loading-not-950 avia_image ' src=\"https:\/\/fernand-schwarz.fr\/wp-content\/uploads\/sites\/15\/2015\/07\/conferenciante-300x222.jpg\" alt='' title='Fernando Schwarz'  height=\"222\" width=\"300\"  itemprop=\"thumbnailUrl\" srcset=\"https:\/\/fernand-schwarz.fr\/wp-content\/uploads\/sites\/15\/2015\/07\/conferenciante-300x222.jpg 300w, https:\/\/fernand-schwarz.fr\/wp-content\/uploads\/sites\/15\/2015\/07\/conferenciante.jpg 359w\" sizes=\"(max-width: 300px) 100vw, 300px\" \/><\/a><\/div><\/div><\/div><\/div>\n","protected":false},"excerpt":{"rendered":"","protected":false},"author":134,"featured_media":0,"parent":1147,"menu_order":0,"comment_status":"closed","ping_status":"closed","template":"","meta":{"footnotes":""},"class_list":["post-1151","page","type-page","status-publish","hentry"],"_links":{"self":[{"href":"https:\/\/fernand-schwarz.fr\/en\/wp-json\/wp\/v2\/pages\/1151","targetHints":{"allow":["GET"]}}],"collection":[{"href":"https:\/\/fernand-schwarz.fr\/en\/wp-json\/wp\/v2\/pages"}],"about":[{"href":"https:\/\/fernand-schwarz.fr\/en\/wp-json\/wp\/v2\/types\/page"}],"author":[{"embeddable":true,"href":"https:\/\/fernand-schwarz.fr\/en\/wp-json\/wp\/v2\/users\/134"}],"replies":[{"embeddable":true,"href":"https:\/\/fernand-schwarz.fr\/en\/wp-json\/wp\/v2\/comments?post=1151"}],"version-history":[{"count":3,"href":"https:\/\/fernand-schwarz.fr\/en\/wp-json\/wp\/v2\/pages\/1151\/revisions"}],"predecessor-version":[{"id":1220,"href":"https:\/\/fernand-schwarz.fr\/en\/wp-json\/wp\/v2\/pages\/1151\/revisions\/1220"}],"up":[{"embeddable":true,"href":"https:\/\/fernand-schwarz.fr\/en\/wp-json\/wp\/v2\/pages\/1147"}],"wp:attachment":[{"href":"https:\/\/fernand-schwarz.fr\/en\/wp-json\/wp\/v2\/media?parent=1151"}],"curies":[{"name":"wp","href":"https:\/\/api.w.org\/{rel}","templated":true}]}}

<style type="text/css" data-created_by="avia_inline_auto" id="style-css-av-x5glg-76a2b793295b5ef94b0bffbafa864732">
.avia-section.av-x5glg-76a2b793295b5ef94b0bffbafa864732{
background-repeat:no-repeat;
background-image:url(https://fernand-schwarz.fr/wp-content/uploads/sites/15/2020/11/cropped-Fernand-Schwarz-Egypte-Banniere.jpg);
background-position:50% 50%;
background-attachment:scroll;
}
</style>
<div id='av_section_1'  class='avia-section av-x5glg-76a2b793295b5ef94b0bffbafa864732 main_color avia-section-default avia-no-border-styling  avia-builder-el-0  el_before_av_section  avia-builder-el-first  avia-full-stretch avia-bg-style-scroll av-minimum-height av-minimum-height-custom av-height-custom  container_wrap fullsize'  data-section-bg-repeat='stretch' data-av_minimum_height_px='350'><div class='container av-section-cont-open' style='height:350px'><main  role="main" itemprop="mainContentOfPage"  class='template-page content  av-content-full alpha units'><div class='post-entry post-entry-type-page post-entry-1151'><div class='entry-content-wrapper clearfix'>
</div></div></main><!-- close content main element --></div></div><div id='av_section_2'  class='avia-section av-r3m04-1d6663f30ac3cbe32ce4553113721fe2 main_color avia-section-default avia-no-border-styling  avia-builder-el-1  el_after_av_section  avia-builder-el-last  avia-bg-style-scroll container_wrap fullsize'  ><div class='container av-section-cont-open' ><div class='template-page content  av-content-full alpha units'><div class='post-entry post-entry-type-page post-entry-1151'><div class='entry-content-wrapper clearfix'>

<style type="text/css" data-created_by="avia_inline_auto" id="style-css-av-88dw-84c433b3dfb2b2148b7880a843b52331">
#top .flex_column.av-88dw-84c433b3dfb2b2148b7880a843b52331{
margin-top:0px;
margin-bottom:0px;
}
.flex_column.av-88dw-84c433b3dfb2b2148b7880a843b52331{
width:100%;
padding:0 0 0 0;
}
.responsive #top #wrap_all .flex_column.av-88dw-84c433b3dfb2b2148b7880a843b52331{
margin-top:0px;
margin-bottom:0px;
}
</style>
<div  class='flex_column av-88dw-84c433b3dfb2b2148b7880a843b52331 av_one_full  avia-builder-el-2  el_before_av_two_third  avia-builder-el-first  first flex_column_div av-zero-column-padding  '     ><style type="text/css" data-created_by="avia_inline_auto" id="style-css-av-lg59wle2-b8e1d63692067c2641b962c43934fa0a">
#top .av-special-heading.av-lg59wle2-b8e1d63692067c2641b962c43934fa0a{
padding-bottom:10px;
}
body .av-special-heading.av-lg59wle2-b8e1d63692067c2641b962c43934fa0a .av-special-heading-tag .heading-char{
font-size:25px;
}
.av-special-heading.av-lg59wle2-b8e1d63692067c2641b962c43934fa0a .av-subheading{
font-size:15px;
}
</style>
<div  class='av-special-heading av-lg59wle2-b8e1d63692067c2641b962c43934fa0a av-special-heading-h1 blockquote modern-quote  avia-builder-el-3  avia-builder-el-no-sibling '><h1 class='av-special-heading-tag '  itemprop="headline"  >Curriculum Vitae</h1><div class="special-heading-border"><div class="special-heading-inner-border"></div></div></div></div><div  class='flex_column av-fciis-07846f51962f9e53eabc00ae26dd7697 av_two_third  avia-builder-el-4  el_after_av_one_full  el_before_av_one_third  first flex_column_div  column-top-margin'     ><section  class='av_textblock_section av-lg59wzag-c8a1675994fb059cc417c5d1902ef134 '   itemscope="itemscope" itemtype="https://schema.org/CreativeWork" ><div class='avia_textblock'  itemprop="text" ><p>Né le 4 juin 1951 à Buenos Aires – Argentine</p>
<p>Nationalité Suisse</p>
<p>Réside à Paris, en France, depuis de nombreuses années</p>
<h3>Pathway</h3>
<p>Fernand Schwarz dedicated the last thirty years to study the mythical and symbolic structures of traditionals and moderns societies.</p>
<p>These studies gave birth to numerous works and to a collaboration with the French television as author of an international documentary series broadcasted in more than twenty countries.</p>
<p>Active collaborator of Museums, Academies, Universities of various countries of Europe and Latin America, he organized colloquiums and circles of reflection, gave courses and conferences onto the themes of the anthropology, the philosophy, the history of religions and traditional and modern civilizations.</p>
<p>Besides, he advised numerous companies in several countries of the world on the incidence of the culture on the behavior of the individuals inside a community. Its researches and his experience in social sciences and for company, through the prism of the bio-cultural anthropology of the company, allow an ethical and humanist approach of the company.</p>
<h3>Studies, Diplomas and Degrees</h3>
<ul>
<li>Licencié en Philosophie (UBA)</li>
<li>Licencié en Histoire de l’Art (UBA)</li>
<li>Diplômé d’anthropologie (Ecole d’Anthropologie de Paris)</li>
<li>Croix d’argent des Arts, Sciences et Lettres de Paris</li>
<li>Président Honoraire de l’Institut de Sciences Interdisciplinaires d’Anthropologie (Université de San José – Brésil)</li>
</ul>
<h3>Divers :</h3>
<ul>
<li>Muséologie : ”restauration et conservation”, par le Professeur Ferreiros Díaz – Espagne</li>
<li>Egyptologie par le Professeur Barguet, Université de Lyon III – France</li>
<li>Maître de Conférences à l’Université de Lyon III – France</li>
</ul>
</div></section></div><div  class='flex_column av-bqevo-81d0e7a9ebb03ee84745f8e5d64fb6ac av_one_third  avia-builder-el-6  el_after_av_two_third  avia-builder-el-last  flex_column_div  column-top-margin'     ><style type="text/css" data-created_by="avia_inline_auto" id="style-css-av-lg59x4ki-18adfe95b75454889924325f0e944ebe">
.avia-image-container.av-lg59x4ki-18adfe95b75454889924325f0e944ebe img.avia_image{
box-shadow:none;
}
.avia-image-container.av-lg59x4ki-18adfe95b75454889924325f0e944ebe .av-image-caption-overlay-center{
color:#ffffff;
}
</style>
<div  class='avia-image-container av-lg59x4ki-18adfe95b75454889924325f0e944ebe av-styling- av-img-linked avia-align-center  avia-builder-el-7  avia-builder-el-no-sibling '   itemprop="image" itemscope="itemscope" itemtype="https://schema.org/ImageObject" ><div class="avia-image-container-inner"><div class="avia-image-overlay-wrap"><a href="https://fernand-schwarz.fr/wp-content/uploads/sites/15/2015/07/conferenciante.jpg" data-srcset="https://fernand-schwarz.fr/wp-content/uploads/sites/15/2015/07/conferenciante.jpg 359w, https://fernand-schwarz.fr/wp-content/uploads/sites/15/2015/07/conferenciante-300x222.jpg 300w" data-sizes="(max-width: 359px) 100vw, 359px" class='avia_image '  aria-label='Fernando Schwarz'><img decoding="async" fetchpriority="high" class='wp-image-950 avia-img-lazy-loading-not-950 avia_image ' src="https://fernand-schwarz.fr/wp-content/uploads/sites/15/2015/07/conferenciante-300x222.jpg" alt='' title='Fernando Schwarz'  height="222" width="300"  itemprop="thumbnailUrl" srcset="https://fernand-schwarz.fr/wp-content/uploads/sites/15/2015/07/conferenciante-300x222.jpg 300w, https://fernand-schwarz.fr/wp-content/uploads/sites/15/2015/07/conferenciante.jpg 359w" sizes="(max-width: 300px) 100vw, 300px" /></a></div></div></div></div>
